) = p(i) - y(i). Let w(t) = -r(t) + s(t). Give w(5).
3
Let v(j) = -9*j - 115. Let u be v(-13). Let p(f) be the third derivative of -f**3 + 1/24*f**4 + 0 + 0*f + 7*f**u. Determine p(5).
-1
Let d(g) be the first derivative of g**2/2 + 8*g - 8. Let u(p) = p**2 + 6*p + 3. Let n be u(-7). Let w = n + -10. What is d(w)?
8
Suppose 5*t - 2 = 23. Suppose -3*h + 10 = -t. Let p(o) be the third derivative of o**6/120 - o**5/20 - o**4/3 + 2*o**3/3 - o**2 + 24*o. Calculate p(h).
14
Let a(y) be the second derivative of -11/2*y**2 - 11/6*y**3 + 1/12*y**4 - 21*y + 0. Give a(12).
1
Let l(b) = 72*b**2 - 11*b - 5. Let f(o) = -13*o**2 + 2*o + 1. Let q(i) = -11*f(i) - 2*l(i). Let m(r) = r**2 - 4*r + 2. Let z be m(3). Calculate q(z).
-2
Let x(q) = -2*q**2 + 6*q + 3. Let f be 10 + 36/(18/(-3)). What is x(f)?
-5
Suppose -118 - 8 = -7*f. Suppose f*y = 17*y + 2. Let h(u) = 7*u + 1. Give h(y).
15
Let d(q) = -7*q + 10. Let f(o) = -48*o + 244. Let w be f(5). Determine d(w).
-18
Suppose -4*s + 1 = -3*s - 3*m, 0 = -4*m + 12. Let u(l) = -l**3 + 10*l**2 - 2*l + 1. Give u(s).
-19
Let x(l) = -7*l**2 - l + 1. Let q(f) = -63*f - 884. Let a be q(-14). Give x(a).
-25
Let z = 165 + -157. Let n(r) be the second derivative of 5/12*r**4 + z*r + r**2 - 1/20*r**5 - 5/6*r**3 + 0. Calculate n(4).
-2
Let c = 1565 + -1566. Let z(m) = 29*m + 10. Let d(s) = 10*s + 3. Let g(n) = -7*d(n) + 2*z(n). Give g(c).
11
Let z(l) = -4*l**3 + 3*l**2 - 8*l + 10. Let b(w) = -3*w**3 + 3*w**2 - 7*w + 8. Let u(h) = -3*b(h) + 2*z(h). What is u(2)?
2
Let x(q) = q**2 + 13*q + 36. Let b be x(-9). Let v(i) be the second derivative of -11/2*i**2 - 3*i + b + 1/6*i**3. Give v(5).
-6
Let k(q) = -q**3 + 5*q**2 + 7*q - 6. Let c = 23 + -1. Let j = c + 4. Suppose j = 5*p - 4. Give k(p).
0
Let k(c) = 3*c + 6. Suppose 5*i - 1 = -11. Let v be (5/i)/((-1)/2). Suppose 0 = 5*y - 10, v*x + 21 = -y - y. Calculate k(x).
-9
Let v be 12*(207/30 - 7)*5. Let n(s) = -8 - 2*s + 3 - 2. Determine n(v).
5
Let m(q) = -q**3 + 9*q**2 + 6*q + 7. Let p(x) = -x**3 + 9*x**2 + 7*x + 7. Let k(n) = -2*m(n) + 3*p(n). Determine k(10).
-3
Let f(w) = -5*w - 2. Let j = 878 - 882. What is f(j)?
18
Let d(s) = 4*s + 33. Let i(t) = -3*t - 29. Let z(m) = -5*d(m) - 6*i(m). Determine z(-7).
23
Let p(o) = -o**2 + 5*o + 1. Let g(w) = 9*w + 275. Let h be g(-30). What is p(h)?
1
Let z(m) = m**2 + 2 - 1 - 71*m + 64*m. Determine z(6).
-5
Let q(b) = -b**2 - 41*b + 2. Let t(a) = -a**2 - 64*a + 3. Let y(g) = 3*q(g) - 2*t(g). Suppose -2*n - 3*c = 2*n - 21, -12 = n - 5*c. Calculate y(n).
6
Let y(l) = -l + 5 - 2 - 4 - 6. Let r be y(-8). Let p(z) = 16 + 5*z - r - 6*z. What is p(0)?
15
Let t(x) = -2*x - 2. Let g(z) = 0*z + 62 + 65 + z - 126. Let o(h) = -6*g(h) - 2*t(h). Determine o(-3).
4
Let m(p) be the second derivative of 2*p + 3/4*p**4 - 1/20*p**5 + 3/2*p**2 + 0 - 1/6*p**3. Give m(9).
-6
Let q(a) = 5*a**2 + 5*a - 10. Let r(t) = -4*t**2 - 4*t + 10. Let u(h) = -3*q(h) - 4*r(h). Suppose -3*p + 3*j - 24 = -36, 2*j + 8 = 0. Give u(p).
-10
Let b(t) be the third derivative of t**5/60 + t**4/12 + t**3/6 + 4*t**2. Let i be 0 + -3 + (-1 - 0). What is b(i)?
9
Let l(b) = -7*b. Let p(n) = -2*n - 1. Let m be p(4). Let o(y) = y + 10. Let q be o(0). Let i = q + m. What is l(i)?
-7
Let v = -3758 + 3767. Let u(d) be the second derivative of -d**4/12 + 11*d**3/6 - 6*d**2 + d. Determine u(v).
6
Let b(s) = 5*s + 3. Let j(k) = -5*k - 3. Let f(o) = -4*b(o) - 3*j(o). Let h(w) = 5*w - 277. Let p be h(54). What is f(p)?
32
Let v(r) be the second derivative of r**3/3 + r**2 - 2*r. Suppose c - 2 = -d + 18, c = -5. Suppose l + 4*s = 21, 2*l + 5*s - d = l. What is v(l)?
12
Let g = 3568 - 3573. Let y(s) = -s**2 + 4*s + 2. Let i(j) = -2*j**2 + 5*j + 2. Let b(n) = -2*i(n) + 3*y(n). What is b(g)?
17
Let w be ((-3)/4)/(1/(-4)). Let d(y) = -3 + 0*y**2 + y**2 + 5*y - w*y**2 + 1. Give d(3).
-5
Let z(w) = -w**2 + 17*w - 48. Suppose -4859*q + 4868*q = 126. Calculate z(q).
-6
Let v(r) = -75*r + 3*r**2 + 9*r**2 + 36*r + 40*r. Let n = 0 - -1. What is v(n)?
13
Let v be (60/4)/5 + 0. Suppose -z = -5*r + 9, -5*r - v = -3*z - 0. Let h(j) = 3*j**3 + 8*j - 6*j**3 - 6 + 5*j**2 + 2*j**3. What is h(z)?
6
Let t be 24/(-28)*42/(-9). Let f(p) = -3*p**3 + 5*p**2 - 2*p. Let m(o) = -8*o**3 + 15*o**2 - 5*o + 1. Let x(y) = t*m(y) - 11*f(y). What is x(-4)?
12
Suppose -5*z + 2*z + 12 = 2*f, 5 = 3*f - 2*z. Let r(o) = 2*o**3 - 2*o**2 - 2. Determine r(f).
34
Let w(t) = -t**3 - 6*t**2 - 9*t + 3. Let a(u) = -3*u**2 - 98*u - 68. Let s be a(-32). Determine w(s).
7
Let k(f) = -19*f**2 + f - 1. Let t be ((-30)/12)/(-2 + (-2)/4). What is k(t)?
-19
Let s(x) be the first derivative of -x**2/2 + 2*x - 73. Let u be (-1 - 2/10)*5. Determine s(u).
8
Let w(g) = -104*g**2 - g. Let i be w(-1). Let t = 106 + i. Let o(r) = -2*r - 1. What is o(t)?
-7
Let m = -62 + 64. Let d(s) = 46*s + 41*s + s**3 - 94*s - 11 - 7*s**m. Calculate d(8).
-3
Let j(x) = x**2 - 128*x + 67*x + 4 + 65*x. Let u = -6 + 1. Calculate j(u).
9
Let g = 8 - 12. Let w(b) = -b**2 + 3*b + 8. Let h(d) = -d**2 + 2*d + 7. Suppose 11 = 2*n + 1. Let m(f) = n*h(f) - 4*w(f). Calculate m(g).
-5
Let c(t) = 17*t + 11. Let r(b) = -42*b - 22. Let k(g) = -5*c(g) - 2*r(g). What is k(-15)?
4
Let k(a) = -6*a - 1. Let t be k(-1). Let s(q) = 7*q**3 + 9*q**2 - 6*q - 3. Let r(b) = -16*b**3 - 19*b**2 + 14*b + 6. Let d(o) = -4*r(o) - 9*s(o). What is d(t)?
-7
Let l(y) = 5 - y + 1 - 3 - 2. Let k be l(-2). Suppose -4*v - 17 = -5*t, -4*v - 5 = v - k*t. Let w(z) = -3*z**2 + 2*z - 1. What is w(v)?
-9
Let h(l) = -8*l + 34. Let g(q) = -7*q + 29. Let c(w) = -7*g(w) + 6*h(w). Determine c(7).
8
Suppose -20 = -3*o - o. Suppose 30 = 3*d - d. Suppose -2*l - o = -d. Let j(b) = -b**2 + 3*b + 4. What is j(l)?
-6
Let m(n) = 130*n - 263*n + 124*n. Give m(2).
-18
Let o(f) = 6*f - 15. Let a be o(3). Suppose z = 2*p + 11, p + a*z = -2*z. Let x(w) = 3*w + 6. Determine x(p).
-9
Let h(d) = -4*d + 20*d**2 - 4*d**3 + 16*d**2 - 31*d**2 + 3*d**3. Let w be 6/(-12)*(-6)/1. Determine h(w).
6
Suppose -5*d = 2*u - 17, -u + 5*d = u + 13. Suppose 2*m - 7 + 1 = 0. Let q(a) = -1 + 2*a**3 + m*a**3 + 0*a**3. What is q(u)?
4
Let y = -1 - -5. Let k(u) = -4 + 3 + 8*u**2 - 2*u + y*u. What is k(1)?
9
Let a(z) = -4*z + 2. Suppose 0 = -4*p + 2*p + 16. Let w = p - 7. Suppose 5 + w = 3*x. Calculate a(x).
-6
Suppose 3*k = -2*w - 75, 5*w - 70 = 4*k + 7. Suppose 0 = 3*y, u - 2*y - y = 27. Let r = u + k. Let a(q) = -q. Calculate a(r).
-4
Let h(l) = l**3 - l**2 - 1. Let z(m) = -12*m**3 - m**2 - 3. Let v(g) = 2*h(g) - z(g). What is v(-1)?
-14
Let n(v) be the first derivative of v**2/2 - 4*v + 74. What is n(-4)?
-8
Suppose 15*v = 17*v - 38. Let d = -23 + v. Let x(n) = 2*n + 4 + 1 + n. Calculate x(d).
-7
Let y(d) = 2*d + 7. Suppose -3*q - 3*p + 207 = 0, -5*p + 74 = 2*q - 49. Suppose 0 = q*g - 75*g - 8. What is y(g)?
-9
Let k(u) = u + 2. Let s be k(-1). Let n(y) = s - 3*y + 13*y - 1 + 1. Calculate n(1).
11
Suppose v + 1 = -i - 3, 2*i = 5*v + 27. Let w(z) = -69*z - 124*z + z**2 - 1 + 194*z. What is w(i)?
1
Let a = -24 - -25. Let p(s) = -a - 3*s - 1 + 3 + 2*s. Give p(5).
-4
Suppose -3 = o - 2*o. Let q(d) = -d**3 - 8*d**2 - 8*d - 1. Let l be q(-7). Let a(i) = -2 - 1 - 3*i - l*i**2 + 5*i**2 + 5*i. What is a(o)?
-6
Let q(i) = -i**2 - 7*i - 6. Suppose 5*g - 120 = 4*b, -4*g + 0*b = -2*b - 90. Suppose 3*f - 2*f + 4 = 0, -g = h + 4*f. Determine q(h).
6
Let s = -17 - -18. Let v(f) be the second derivative of f**4/2 - f**2/2 - f - 122. Calculate v(s).
5
Suppose -5 = 4*v - 9. Let f(s) = 17*s + 1. What is f(v)?
18
Let m = 922 - 923. Let g(l) = l - 3. Give g(m).
-4
Let u(n) = n**2 - 7*n - 11. Let q(d) = -2*d + 3. Let m(k) = 2*q(k) + u(k). Determine m(11).
-5
Let q(v) = -v**3 - 8*v**2 + 20*v - 1. Let d be q(-10). Let w(z) = 10*z**2 + 2*z + 1. Give w(d).
9
Let g(x) = 7*x**3 + 8*x**2 - 18*x - 9. Let j(s) = -6*s**3 - 8*s**2 + 17*s + 9. Let u(h) = 5*g(h) + 6*j(h). Calculate u(-9).
-18
Suppose -2*l - 2*a = -28, 0 = 11*l - 12*l + 2*a - 1. Let q(f) = -f**3 + 8*f**2 + 8*f - 2. What is q(l)?
-11
Let c(j) = 7*j**2 + 4*j + 20. Let t(n) = -15*n**2 - 11*n - 40. Let d(z) = -13*c(z) - 6*t(z). Calculate d(12).
4
Let s(j) = -9*j**2 + 7*j - 1. Let p(m) = 7*m**2 - 7*m + 2. Let t(f) = -4*p(f) - 3*s(f). What is t(5)?
5
Let y(w) = -w - 4. Let p = -60 + 62. Suppose 3*t + 19 = -2*t + 4*d, -p*t - 3*d = 3